{"id":207816,"date":"2022-11-13T21:02:56","date_gmt":"2022-11-13T21:02:56","guid":{"rendered":"https:\/\/hgl.mspz3.gob.ec\/?page_id=207816"},"modified":"2025-05-05T16:55:32","modified_gmt":"2025-05-05T16:55:32","slug":"gestion-de-talento-humano","status":"publish","type":"page","link":"https:\/\/hgl.mspz3.gob.ec\/index.php\/gestion-de-talento-humano\/","title":{"rendered":"Gesti\u00f3n de Talento Humano"},"content":{"rendered":"<p>[et_pb_section fb_built=\u00bb1&#8243; _builder_version=\u00bb4.7.7&#8243; _module_preset=\u00bbdefault\u00bb custom_padding=\u00bb15px||0px|||\u00bb][et_pb_row column_structure=\u00bb3_5,2_5&#8243; _builder_version=\u00bb4.7.7&#8243; _module_preset=\u00bbdefault\u00bb][et_pb_column type=\u00bb3_5&#8243; _builder_version=\u00bb4.7.7&#8243; _module_preset=\u00bbdefault\u00bb][et_pb_image title_text=\u00bbtalentoHumano\u00bb _builder_version=\u00bb4.7.7&#8243; _module_preset=\u00bbdefault\u00bb hover_enabled=\u00bb0&#8243; sticky_enabled=\u00bb0&#8243;][\/et_pb_image][et_pb_text _builder_version=\u00bb4.7.7&#8243; _module_preset=\u00bbdefault\u00bb]<\/p>\n<h2><strong><\/strong><\/h2>\n<h2><strong>Misi\u00f3n:<\/strong><\/h2>\n<p style=\"text-align: justify;\">Administrar, seleccionar y desarrollar el talento humano del Hospital, garantizando su desarrollo constante mediante una verdadera capacitaci\u00f3n, bienestar social y seguridad, con el fin de potencializar las habilidades y capacidades de su personal en cumplimiento a la ley, reglamentos,<br \/>normas, pol\u00edticas y otros documentos legales vigentes.<\/p>\n<p>[\/et_pb_text][\/et_pb_column][et_pb_column type=\u00bb2_5&#8243; _builder_version=\u00bb4.7.7&#8243; _module_preset=\u00bbdefault\u00bb][\/et_pb_column][\/et_pb_row][et_pb_row _builder_version=\u00bb4.7.7&#8243; _module_preset=\u00bbdefault\u00bb custom_margin=\u00bb|auto|3px|auto||\u00bb custom_padding=\u00bb5px||0px|||\u00bb][et_pb_column type=\u00bb4_4&#8243; _builder_version=\u00bb4.7.7&#8243; _module_preset=\u00bbdefault\u00bb][et_pb_text _builder_version=\u00bb4.7.7&#8243; _module_preset=\u00bbdefault\u00bb custom_padding=\u00bb0px||2px|||\u00bb]<\/p>\n<h2><strong style=\"font-size: 26px;\">Productos y Servicios:<\/strong><\/h2>\n<ul>\n<li style=\"text-align: justify;\">Plan de fortalecimiento institucional y mejoramiento continuo;<\/li>\n<li style=\"text-align: justify;\">Distributivo de funciones y actividades del talento humano de acuerdo a las necesidades de la<br \/> instituci\u00f3n;<\/li>\n<li style=\"text-align: justify;\">Expedientes y registros del personal del hospital;<\/li>\n<li style=\"text-align: justify;\">Sistema de control de asistencia y permanencia del personal en sus puestos de trabajo;<\/li>\n<li style=\"text-align: justify;\">Distributivo de sueldos y salarios del personal;<\/li>\n<li style=\"text-align: justify;\">Roles de pago mensual;<\/li>\n<li style=\"text-align: justify;\">Calendario anual de vacaciones del personal en coordinaci\u00f3n con los l\u00edderes de las unidades y<br \/> supeditado a la actividad asistencial, aprobaci\u00f3n de la Gerencia Hospitalaria;<\/li>\n<li style=\"text-align: justify;\">Acciones de personal relacionadas con nombramientos, contratos, ascensos, traslados, remoci\u00f3n,<br \/> vacaciones, permisos, y otros en que tenga que intervenir seg\u00fan normas y procedimientos vigentes;<\/li>\n<li style=\"text-align: justify;\">Informes de creaci\u00f3n de partidas y Supresi\u00f3n de puestos de recursos humanos;<\/li>\n<li style=\"text-align: justify;\">Informes de contratos de servicios ocasionales y profesionales;<\/li>\n<li style=\"text-align: justify;\">Informes de optimizaci\u00f3n de recursos humanos;<\/li>\n<li style=\"text-align: justify;\">Informes sobre los sumarios administrativos y vistos buenos del personal del hospital;<\/li>\n<li style=\"text-align: justify;\">Informes sobre los aspectos disciplinarios del personal a la Gerencia Hospitalaria para la<br \/> aplicaci\u00f3n de sanci\u00f3n correspondiente;<\/li>\n<li style=\"text-align: justify;\">Informes de evaluaci\u00f3n de desempe\u00f1o del personal del Hospital;<\/li>\n<li style=\"text-align: justify;\">Plan para salida y jubilaci\u00f3n de servidores;<\/li>\n<li style=\"text-align: justify;\">Informes de clasificaci\u00f3n de puestos, reclutamiento, selecci\u00f3n y contrataciones;<\/li>\n<li style=\"text-align: justify;\">Informes de aplicaci\u00f3n del reglamento para concursos de merecimientos y oposici\u00f3n;<\/li>\n<li style=\"text-align: justify;\">Plan de capacitaci\u00f3n y formaci\u00f3n de recursos humanos e informe de ejecuci\u00f3n;<\/li>\n<li style=\"text-align: justify;\">Plan de prevenci\u00f3n de riesgos y seguridad laboral;<\/li>\n<li style=\"text-align: justify;\">Capacitaciones, especializaciones y pasant\u00edas de los profesionales del Hospital;<\/li>\n<li style=\"text-align: justify;\">Planes y programas de capacitaci\u00f3n de desarrollo personal, bienestar laboral y seguridad<br \/> ocupacional;<\/li>\n<li style=\"text-align: justify;\">Plan de evaluaci\u00f3n del desempe\u00f1o e informe de ejecuci\u00f3n;<\/li>\n<li style=\"text-align: justify;\">Plan de medici\u00f3n del clima laboral y cultura organizacional del nivel nacional;<\/li>\n<li style=\"text-align: justify;\">Informes de movimientos de personal para el Ministerio de Relaciones Laborales;<\/li>\n<li style=\"text-align: justify;\">Informes de Pasant\u00edas, becas en el pa\u00eds y en el exterior de los funcionarios del hospital.<\/li>\n<\/ul>\n<p>[\/et_pb_text][\/et_pb_column][\/et_pb_row][\/et_pb_section]<\/p>\n","protected":false},"excerpt":{"rendered":"<p>[et_pb_section fb_built=\u00bb1&#8243; _builder_version=\u00bb4.7.7&#8243; _module_preset=\u00bbdefault\u00bb custom_padding=\u00bb15px||0px|||\u00bb][et_pb_row column_structure=\u00bb3_5,2_5&#8243; _builder_version=\u00bb4.7.7&#8243; _module_preset=\u00bbdefault\u00bb][et_pb_column type=\u00bb3_5&#8243; _builder_version=\u00bb4.7.7&#8243; _module_preset=\u00bbdefault\u00bb][et_pb_image title_text=\u00bbtalentoHumano\u00bb _builder_version=\u00bb4.7.7&#8243; _module_preset=\u00bbdefault\u00bb hover_enabled=\u00bb0&#8243; sticky_enabled=\u00bb0&#8243;][\/et_pb_image][et_pb_text _builder_version=\u00bb4.7.7&#8243; _module_preset=\u00bbdefault\u00bb] Misi\u00f3n: Administrar, seleccionar y desarrollar el talento humano del Hospital, garantizando su desarrollo constante mediante una verdadera capacitaci\u00f3n, bienestar social y seguridad, con el fin de potencializar las habilidades y capacidades de su personal en cumplimiento a [&hellip;]<\/p>\n","protected":false},"author":1,"featured_media":0,"parent":0,"menu_order":0,"comment_status":"closed","ping_status":"closed","template":"","meta":{"_et_pb_use_builder":"on","_et_pb_old_content":"","_et_gb_content_width":"","footnotes":""},"class_list":["post-207816","page","type-page","status-publish","hentry"],"_links":{"self":[{"href":"https:\/\/hgl.mspz3.gob.ec\/index.php\/wp-json\/wp\/v2\/pages\/207816","targetHints":{"allow":["GET"]}}],"collection":[{"href":"https:\/\/hgl.mspz3.gob.ec\/index.php\/wp-json\/wp\/v2\/pages"}],"about":[{"href":"https:\/\/hgl.mspz3.gob.ec\/index.php\/wp-json\/wp\/v2\/types\/page"}],"author":[{"embeddable":true,"href":"https:\/\/hgl.mspz3.gob.ec\/index.php\/wp-json\/wp\/v2\/users\/1"}],"replies":[{"embeddable":true,"href":"https:\/\/hgl.mspz3.gob.ec\/index.php\/wp-json\/wp\/v2\/comments?post=207816"}],"version-history":[{"count":4,"href":"https:\/\/hgl.mspz3.gob.ec\/index.php\/wp-json\/wp\/v2\/pages\/207816\/revisions"}],"predecessor-version":[{"id":209199,"href":"https:\/\/hgl.mspz3.gob.ec\/index.php\/wp-json\/wp\/v2\/pages\/207816\/revisions\/209199"}],"wp:attachment":[{"href":"https:\/\/hgl.mspz3.gob.ec\/index.php\/wp-json\/wp\/v2\/media?parent=207816"}],"curies":[{"name":"wp","href":"https:\/\/api.w.org\/{rel}","templated":true}]}}