{"id":207906,"date":"2022-11-18T19:30:41","date_gmt":"2022-11-18T19:30:41","guid":{"rendered":"https:\/\/hgl.mspz3.gob.ec\/?page_id=207906"},"modified":"2025-05-05T17:06:39","modified_gmt":"2025-05-05T17:06:39","slug":"gestion-de-asesoria-juridica","status":"publish","type":"page","link":"https:\/\/hgl.mspz3.gob.ec\/index.php\/gestion-de-asesoria-juridica\/","title":{"rendered":"Gesti\u00f3n de Asesor\u00eda Jur\u00eddica"},"content":{"rendered":"<p>[et_pb_section fb_built=\u00bb1&#8243; _builder_version=\u00bb4.7.7&#8243; _module_preset=\u00bbdefault\u00bb custom_padding=\u00bb15px||0px|||\u00bb][et_pb_row column_structure=\u00bb1_2,1_2&#8243; _builder_version=\u00bb4.7.7&#8243; _module_preset=\u00bbdefault\u00bb][et_pb_column _builder_version=\u00bb4.7.7&#8243; _module_preset=\u00bbdefault\u00bb type=\u00bb1_2&#8243;][et_pb_text _builder_version=\u00bb4.7.7&#8243; _module_preset=\u00bbdefault\u00bb]<\/p>\n<h2><strong>Misi\u00f3n:<\/strong><\/h2>\n<p style=\"text-align: justify;\">Asesorar en temas relacionados a la correcta aplicaci\u00f3n de la carta magna, leyes, reglamentos, acuerdos, decretos y otros instrumentos legales relacionados con el andamiaje legal, a fin de que la instituci\u00f3n y su gesti\u00f3n se encuentre siempre amparada en la ley.<\/p>\n<h3><\/h3>\n<p><strong><\/strong><\/p>\n<p>[\/et_pb_text][\/et_pb_column][et_pb_column type=\u00bb1_2&#8243; _builder_version=\u00bb4.7.7&#8243; _module_preset=\u00bbdefault\u00bb][\/et_pb_column][\/et_pb_row][et_pb_row _builder_version=\u00bb4.7.7&#8243; _module_preset=\u00bbdefault\u00bb custom_margin=\u00bb|auto|3px|auto||\u00bb custom_padding=\u00bb5px||0px|||\u00bb][et_pb_column type=\u00bb4_4&#8243; _builder_version=\u00bb4.7.7&#8243; _module_preset=\u00bbdefault\u00bb][et_pb_text _builder_version=\u00bb4.7.7&#8243; _module_preset=\u00bbdefault\u00bb custom_padding=\u00bb0px||2px|||\u00bb]<\/p>\n<h3><strong>Productos y Servicios:<\/strong><\/h3>\n<ul>\n<li style=\"text-align: justify;\">Asesor\u00eda Jur\u00eddica en las diferentes actividades del Hospital;<\/li>\n<li style=\"text-align: justify;\">Acci\u00f3n sobre demandas y juicios a la Instituci\u00f3n hasta la culminaci\u00f3n en sentencia;<\/li>\n<li style=\"text-align: justify;\">Dict\u00e1menes y criterios de conformidad con la ley;<\/li>\n<li style=\"text-align: justify;\">Informes legales para las autoridades superiores;<\/li>\n<li style=\"text-align: justify;\">Contratos y convenios de la instituci\u00f3n, dispuestos y autorizados por la Gerencia Hospitalaria y en coordinaci\u00f3n con otras unidades del Hospital, cumpliendo con lo que establece la ley y dem\u00e1s actos legales;<\/li>\n<li style=\"text-align: justify;\">Defensa jur\u00eddica del hospital con el delegado de la Procuradur\u00eda General del Estado, en los procesos contenciosos administrativos, recursos, acciones de protecci\u00f3n, laboral, civil, especial, penal, con la finalidad de proteger los intereses del Hospital;<\/li>\n<li style=\"text-align: justify;\">Archivo de las leyes, contratos, convenios, juicios, expedientes de coactivas, reglamentos, decretos, resoluciones, acuerdos u otros instrumentos jur\u00eddicos;<\/li>\n<li style=\"text-align: justify;\">Atenci\u00f3n sustanciada a los reclamos y recursos administrativos presentados que son de su competencia.<\/li>\n<\/ul>\n<p>&nbsp;<\/p>\n<ol><\/ol>\n<p>[\/et_pb_text][\/et_pb_column][\/et_pb_row][\/et_pb_section]<\/p>\n","protected":false},"excerpt":{"rendered":"<p>[et_pb_section fb_built=\u00bb1&#8243; _builder_version=\u00bb4.7.7&#8243; _module_preset=\u00bbdefault\u00bb custom_padding=\u00bb15px||0px|||\u00bb][et_pb_row column_structure=\u00bb1_2,1_2&#8243; _builder_version=\u00bb4.7.7&#8243; _module_preset=\u00bbdefault\u00bb][et_pb_column _builder_version=\u00bb4.7.7&#8243; _module_preset=\u00bbdefault\u00bb type=\u00bb1_2&#8243;][et_pb_text _builder_version=\u00bb4.7.7&#8243; _module_preset=\u00bbdefault\u00bb] Misi\u00f3n: Asesorar en temas relacionados a la correcta aplicaci\u00f3n de la carta magna, leyes, reglamentos, acuerdos, decretos y otros instrumentos legales relacionados con el andamiaje legal, a fin de que la instituci\u00f3n y su gesti\u00f3n se encuentre siempre amparada en la ley. [&hellip;]<\/p>\n","protected":false},"author":1,"featured_media":0,"parent":0,"menu_order":0,"comment_status":"closed","ping_status":"closed","template":"","meta":{"_et_pb_use_builder":"on","_et_pb_old_content":"","_et_gb_content_width":"","footnotes":""},"class_list":["post-207906","page","type-page","status-publish","hentry"],"_links":{"self":[{"href":"https:\/\/hgl.mspz3.gob.ec\/index.php\/wp-json\/wp\/v2\/pages\/207906","targetHints":{"allow":["GET"]}}],"collection":[{"href":"https:\/\/hgl.mspz3.gob.ec\/index.php\/wp-json\/wp\/v2\/pages"}],"about":[{"href":"https:\/\/hgl.mspz3.gob.ec\/index.php\/wp-json\/wp\/v2\/types\/page"}],"author":[{"embeddable":true,"href":"https:\/\/hgl.mspz3.gob.ec\/index.php\/wp-json\/wp\/v2\/users\/1"}],"replies":[{"embeddable":true,"href":"https:\/\/hgl.mspz3.gob.ec\/index.php\/wp-json\/wp\/v2\/comments?post=207906"}],"version-history":[{"count":4,"href":"https:\/\/hgl.mspz3.gob.ec\/index.php\/wp-json\/wp\/v2\/pages\/207906\/revisions"}],"predecessor-version":[{"id":209210,"href":"https:\/\/hgl.mspz3.gob.ec\/index.php\/wp-json\/wp\/v2\/pages\/207906\/revisions\/209210"}],"wp:attachment":[{"href":"https:\/\/hgl.mspz3.gob.ec\/index.php\/wp-json\/wp\/v2\/media?parent=207906"}],"curies":[{"name":"wp","href":"https:\/\/api.w.org\/{rel}","templated":true}]}}