{"id":208218,"date":"2023-07-19T15:18:24","date_gmt":"2023-07-19T15:18:24","guid":{"rendered":"https:\/\/hgl.mspz3.gob.ec\/?page_id=208218"},"modified":"2023-07-19T15:41:05","modified_gmt":"2023-07-19T15:41:05","slug":"rc-2022-fase-0","status":"publish","type":"page","link":"https:\/\/hgl.mspz3.gob.ec\/index.php\/rc-2022-fase-0\/","title":{"rendered":"RC-2022 Fase 0"},"content":{"rendered":"<p>[et_pb_section fb_built=\u00bb1&#8243; _builder_version=\u00bb4.7.7&#8243; _module_preset=\u00bbdefault\u00bb][et_pb_row _builder_version=\u00bb4.7.7&#8243; _module_preset=\u00bbdefault\u00bb][et_pb_column type=\u00bb4_4&#8243; _builder_version=\u00bb4.7.7&#8243; _module_preset=\u00bbdefault\u00bb][et_pb_text _builder_version=\u00bb4.7.7&#8243; _module_preset=\u00bbdefault\u00bb hover_enabled=\u00bb0&#8243; sticky_enabled=\u00bb0&#8243;]<\/p>\n<h2>RC-2022<\/h2>\n<h2>Fase 0 &#8211; Organizaci\u00f3n interna institucional<\/h2>\n<p><a href=\"https:\/\/hgl.mspz3.gob.ec\/wp-content\/uploads\/2023\/07\/MSP-CZ3-HGL-2023-0917-M-CONFORMACION-DE-EQUIPO.pdf\" target=\"_blank\" rel=\"noopener noreferrer\">1. CONFORMACI\u00d3N DE EQUIPO<\/a><\/p>\n<p><a href=\"https:\/\/hgl.mspz3.gob.ec\/wp-content\/uploads\/2023\/07\/MSP-CZONAL3-2023-2072-M-1-NOTIFICACION-DEL-PROCESO-DE-RENDICION-DE-CUENTAS.pdf\" target=\"_blank\" rel=\"noopener noreferrer\">2. NOTIFICACI\u00d3N DEL PROCESO DE RENDICI\u00d3N DE CUENTAS<\/a><\/p>\n<p>[\/et_pb_text][\/et_pb_column][\/et_pb_row][\/et_pb_section]<\/p>\n","protected":false},"excerpt":{"rendered":"<p>[et_pb_section fb_built=\u00bb1&#8243; _builder_version=\u00bb4.7.7&#8243; _module_preset=\u00bbdefault\u00bb][et_pb_row _builder_version=\u00bb4.7.7&#8243; _module_preset=\u00bbdefault\u00bb][et_pb_column type=\u00bb4_4&#8243; _builder_version=\u00bb4.7.7&#8243; _module_preset=\u00bbdefault\u00bb][et_pb_text _builder_version=\u00bb4.7.7&#8243; _module_preset=\u00bbdefault\u00bb hover_enabled=\u00bb0&#8243; sticky_enabled=\u00bb0&#8243;] RC-2022 Fase 0 &#8211; Organizaci\u00f3n interna institucional 1. CONFORMACI\u00d3N DE EQUIPO 2. NOTIFICACI\u00d3N DEL PROCESO DE RENDICI\u00d3N DE CUENTAS [\/et_pb_text][\/et_pb_column][\/et_pb_row][\/et_pb_section]<\/p>\n","protected":false},"author":1,"featured_media":0,"parent":0,"menu_order":0,"comment_status":"closed","ping_status":"closed","template":"","meta":{"_et_pb_use_builder":"on","_et_pb_old_content":"","_et_gb_content_width":"","footnotes":""},"class_list":["post-208218","page","type-page","status-publish","hentry"],"_links":{"self":[{"href":"https:\/\/hgl.mspz3.gob.ec\/index.php\/wp-json\/wp\/v2\/pages\/208218","targetHints":{"allow":["GET"]}}],"collection":[{"href":"https:\/\/hgl.mspz3.gob.ec\/index.php\/wp-json\/wp\/v2\/pages"}],"about":[{"href":"https:\/\/hgl.mspz3.gob.ec\/index.php\/wp-json\/wp\/v2\/types\/page"}],"author":[{"embeddable":true,"href":"https:\/\/hgl.mspz3.gob.ec\/index.php\/wp-json\/wp\/v2\/users\/1"}],"replies":[{"embeddable":true,"href":"https:\/\/hgl.mspz3.gob.ec\/index.php\/wp-json\/wp\/v2\/comments?post=208218"}],"version-history":[{"count":7,"href":"https:\/\/hgl.mspz3.gob.ec\/index.php\/wp-json\/wp\/v2\/pages\/208218\/revisions"}],"predecessor-version":[{"id":208239,"href":"https:\/\/hgl.mspz3.gob.ec\/index.php\/wp-json\/wp\/v2\/pages\/208218\/revisions\/208239"}],"wp:attachment":[{"href":"https:\/\/hgl.mspz3.gob.ec\/index.php\/wp-json\/wp\/v2\/media?parent=208218"}],"curies":[{"name":"wp","href":"https:\/\/api.w.org\/{rel}","templated":true}]}}