{"id":208259,"date":"2023-07-24T14:02:35","date_gmt":"2023-07-24T14:02:35","guid":{"rendered":"https:\/\/hgl.mspz3.gob.ec\/?page_id=208259"},"modified":"2023-07-24T14:29:39","modified_gmt":"2023-07-24T14:29:39","slug":"fase-1-informe-rendicion-de-cuentas-2021","status":"publish","type":"page","link":"https:\/\/hgl.mspz3.gob.ec\/index.php\/fase-1-informe-rendicion-de-cuentas-2021\/","title":{"rendered":"Fase 1 \u2013 Informe Rendici\u00f3n de Cuentas 2021"},"content":{"rendered":"<p>[et_pb_section fb_built=\u00bb1&#8243; _builder_version=\u00bb4.7.7&#8243; _module_preset=\u00bbdefault\u00bb][et_pb_row _builder_version=\u00bb4.7.7&#8243; _module_preset=\u00bbdefault\u00bb][et_pb_column type=\u00bb4_4&#8243; _builder_version=\u00bb4.7.7&#8243; _module_preset=\u00bbdefault\u00bb][et_pb_text _builder_version=\u00bb4.7.7&#8243; _module_preset=\u00bbdefault\u00bb hover_enabled=\u00bb0&#8243; sticky_enabled=\u00bb0&#8243;]<\/p>\n<h2>RC-2021<\/h2>\n<h2>Fase 1 &#8211; Informe Rendici\u00f3n de Cuentas<\/h2>\n<p><a href=\"https:\/\/hgl.mspz3.gob.ec\/wp-content\/uploads\/2023\/07\/Cronograma_de_eventos_de_deliberaciOn_HGL-signed-signed-1.pdf\" target=\"_blank\" rel=\"noopener noreferrer\">1. CRONOGRAMA DE RENDICI\u00d3N DE CUENTAS<\/a><\/p>\n<p><a href=\"https:\/\/hgl.mspz3.gob.ec\/wp-content\/uploads\/2023\/07\/INFORME-PRELIMINAR-DE-RENDICION-DE-CUENTAS-HGL.pdf\" target=\"_blank\" rel=\"noopener noreferrer\">2. INFORME EJECUTIVO<\/a><\/p>\n<p><a href=\"https:\/\/hgl.mspz3.gob.ec\/wp-content\/uploads\/2023\/07\/MSP-CZ3-HGL-2022-0514-M.pdf-cronograma.pdf\" target=\"_blank\" rel=\"noopener noreferrer\">3. CRONOGRAMA DEL EVENTO DE RENDICI\u00d3N<\/a><\/p>\n<p><a href=\"https:\/\/hgl.mspz3.gob.ec\/wp-content\/uploads\/2023\/07\/MSP-CZ3-HGL-2022-0558-M.pdf-CONVOCATORIA-PARA-REVISION-DE-INFORME.pdf\" target=\"_blank\" rel=\"noopener noreferrer\">4. CONVOCATORIA PARA REVISI\u00d3N DE PRESENTACI\u00d3N DE RENDICI\u00d3N DE CUENTAS<\/a><\/p>\n<p><a href=\"https:\/\/hgl.mspz3.gob.ec\/wp-content\/uploads\/2023\/07\/MSP-CZONAL3-2022-1847-M.pdf-rendicion-de-Cuentas-2021-Fase-2-y-Fase.pdf\" target=\"_blank\" rel=\"noopener noreferrer\">5. RENDICI\u00d3N DE CUENTAS 2021 &#8211; FASE 2 Y FASE 3<\/a><\/p>\n<p><a href=\"https:\/\/hgl.mspz3.gob.ec\/wp-content\/uploads\/2023\/07\/RENDICION-DE-CUENTAS-PPT-PRESENTACION.pdf\" target=\"_blank\" rel=\"noopener noreferrer\">6. RENDICI\u00d3N DE CUENTAS PPT PRESENTACI\u00d3N<\/a><\/p>\n<p>[\/et_pb_text][\/et_pb_column][\/et_pb_row][\/et_pb_section]<\/p>\n","protected":false},"excerpt":{"rendered":"<p>[et_pb_section fb_built=\u00bb1&#8243; _builder_version=\u00bb4.7.7&#8243; _module_preset=\u00bbdefault\u00bb][et_pb_row _builder_version=\u00bb4.7.7&#8243; _module_preset=\u00bbdefault\u00bb][et_pb_column type=\u00bb4_4&#8243; _builder_version=\u00bb4.7.7&#8243; _module_preset=\u00bbdefault\u00bb][et_pb_text _builder_version=\u00bb4.7.7&#8243; _module_preset=\u00bbdefault\u00bb hover_enabled=\u00bb0&#8243; sticky_enabled=\u00bb0&#8243;] RC-2021 Fase 1 &#8211; Informe Rendici\u00f3n de Cuentas 1. CRONOGRAMA DE RENDICI\u00d3N DE CUENTAS 2. INFORME EJECUTIVO 3. CRONOGRAMA DEL EVENTO DE RENDICI\u00d3N 4. CONVOCATORIA PARA REVISI\u00d3N DE PRESENTACI\u00d3N DE RENDICI\u00d3N DE CUENTAS 5. RENDICI\u00d3N DE CUENTAS 2021 &#8211; FASE 2 Y [&hellip;]<\/p>\n","protected":false},"author":1,"featured_media":0,"parent":0,"menu_order":0,"comment_status":"closed","ping_status":"closed","template":"","meta":{"_et_pb_use_builder":"on","_et_pb_old_content":"","_et_gb_content_width":"","footnotes":""},"class_list":["post-208259","page","type-page","status-publish","hentry"],"_links":{"self":[{"href":"https:\/\/hgl.mspz3.gob.ec\/index.php\/wp-json\/wp\/v2\/pages\/208259","targetHints":{"allow":["GET"]}}],"collection":[{"href":"https:\/\/hgl.mspz3.gob.ec\/index.php\/wp-json\/wp\/v2\/pages"}],"about":[{"href":"https:\/\/hgl.mspz3.gob.ec\/index.php\/wp-json\/wp\/v2\/types\/page"}],"author":[{"embeddable":true,"href":"https:\/\/hgl.mspz3.gob.ec\/index.php\/wp-json\/wp\/v2\/users\/1"}],"replies":[{"embeddable":true,"href":"https:\/\/hgl.mspz3.gob.ec\/index.php\/wp-json\/wp\/v2\/comments?post=208259"}],"version-history":[{"count":3,"href":"https:\/\/hgl.mspz3.gob.ec\/index.php\/wp-json\/wp\/v2\/pages\/208259\/revisions"}],"predecessor-version":[{"id":208273,"href":"https:\/\/hgl.mspz3.gob.ec\/index.php\/wp-json\/wp\/v2\/pages\/208259\/revisions\/208273"}],"wp:attachment":[{"href":"https:\/\/hgl.mspz3.gob.ec\/index.php\/wp-json\/wp\/v2\/media?parent=208259"}],"curies":[{"name":"wp","href":"https:\/\/api.w.org\/{rel}","templated":true}]}}