{"id":209114,"date":"2024-11-10T16:01:36","date_gmt":"2024-11-10T16:01:36","guid":{"rendered":"https:\/\/hgl.mspz3.gob.ec\/?page_id=209114"},"modified":"2024-11-10T16:16:14","modified_gmt":"2024-11-10T16:16:14","slug":"fase-2-audiencia-publica-2023","status":"publish","type":"page","link":"https:\/\/hgl.mspz3.gob.ec\/index.php\/fase-2-audiencia-publica-2023\/","title":{"rendered":"Fase 2 \u2013 Audiencia P\u00fablica 2023"},"content":{"rendered":"<p>[et_pb_section fb_built=\u00bb1&#8243; _builder_version=\u00bb4.7.7&#8243; _module_preset=\u00bbdefault\u00bb][et_pb_row _builder_version=\u00bb4.7.7&#8243; _module_preset=\u00bbdefault\u00bb][et_pb_column type=\u00bb4_4&#8243; _builder_version=\u00bb4.7.7&#8243; _module_preset=\u00bbdefault\u00bb][et_pb_text _builder_version=\u00bb4.7.7&#8243; _module_preset=\u00bbdefault\u00bb hover_enabled=\u00bb0&#8243; sticky_enabled=\u00bb0&#8243;]<\/p>\n<h2>RC-2023<\/h2>\n<h2>Fase 2 &#8211; Audiencia P\u00fablica<\/h2>\n<p><a href=\"https:\/\/hgl.mspz3.gob.ec\/wp-content\/uploads\/2023\/07\/CONTROL-DE-ASISTENCIA-R.C-2022.pdf\" target=\"_blank\" rel=\"noopener noreferrer\" title=\"1. INVITACI\u00d3N AL EVENTO\">1. INVITACI\u00d3N AL EVENTO<\/a><\/p>\n<p><a href=\"https:\/\/hgl.mspz3.gob.ec\/wp-content\/uploads\/2024\/11\/Lineamientos-Deliberacion.pptx\" target=\"_blank\" rel=\"noopener noreferrer\" title=\"2. LINEAMIENTOS DE DELIBERACI\u00d3N\">2. LINEAMIENTOS DE DELIBERACI\u00d3N<\/a><\/p>\n<p><a href=\"https:\/\/hgl.mspz3.gob.ec\/wp-content\/uploads\/2024\/11\/MSP-CZ3-HGL-2024-0582-M-SOLICITUD-DE-INFORME-DE-RENDICION.pdf\" target=\"_blank\" rel=\"noopener noreferrer\" title=\"3. SOLICITUD DE INFORME DE RENDICI\u00d3N\">3. SOLICITUD DE INFORME DE RENDICI\u00d3N<\/a><\/p>\n<p><a href=\"https:\/\/hgl.mspz3.gob.ec\/wp-content\/uploads\/2024\/11\/PRESENTACION-RENDICION-2023-HOSPITAL-GENERAL-LATACUNGA.pdf\" target=\"_blank\" rel=\"noopener noreferrer\" title=\"4. PRESENTACI\u00d3N RENDICI\u00d3N DE CUENTAS\">4. PRESENTACI\u00d3N RENDICI\u00d3N DE CUENTAS<\/a><\/p>\n<p><a href=\"https:\/\/hgl.mspz3.gob.ec\/wp-content\/uploads\/2024\/11\/ENTREGA-DE-INFORME-AL-CPC.pdf\" target=\"_blank\" rel=\"noopener noreferrer\" title=\"5. ENTREGA DE INFORME AL CPC\">5. ENTREGA DE INFORME AL CPC<\/a><\/p>\n<p>[\/et_pb_text][\/et_pb_column][\/et_pb_row][\/et_pb_section]<\/p>\n","protected":false},"excerpt":{"rendered":"<p>[et_pb_section fb_built=\u00bb1&#8243; _builder_version=\u00bb4.7.7&#8243; _module_preset=\u00bbdefault\u00bb][et_pb_row _builder_version=\u00bb4.7.7&#8243; _module_preset=\u00bbdefault\u00bb][et_pb_column type=\u00bb4_4&#8243; _builder_version=\u00bb4.7.7&#8243; _module_preset=\u00bbdefault\u00bb][et_pb_text _builder_version=\u00bb4.7.7&#8243; _module_preset=\u00bbdefault\u00bb hover_enabled=\u00bb0&#8243; sticky_enabled=\u00bb0&#8243;] RC-2023 Fase 2 &#8211; Audiencia P\u00fablica 1. INVITACI\u00d3N AL EVENTO 2. LINEAMIENTOS DE DELIBERACI\u00d3N 3. SOLICITUD DE INFORME DE RENDICI\u00d3N 4. PRESENTACI\u00d3N RENDICI\u00d3N DE CUENTAS 5. ENTREGA DE INFORME AL CPC [\/et_pb_text][\/et_pb_column][\/et_pb_row][\/et_pb_section]<\/p>\n","protected":false},"author":1,"featured_media":0,"parent":0,"menu_order":0,"comment_status":"closed","ping_status":"closed","template":"","meta":{"_et_pb_use_builder":"on","_et_pb_old_content":"","_et_gb_content_width":"","footnotes":""},"class_list":["post-209114","page","type-page","status-publish","hentry"],"_links":{"self":[{"href":"https:\/\/hgl.mspz3.gob.ec\/index.php\/wp-json\/wp\/v2\/pages\/209114","targetHints":{"allow":["GET"]}}],"collection":[{"href":"https:\/\/hgl.mspz3.gob.ec\/index.php\/wp-json\/wp\/v2\/pages"}],"about":[{"href":"https:\/\/hgl.mspz3.gob.ec\/index.php\/wp-json\/wp\/v2\/types\/page"}],"author":[{"embeddable":true,"href":"https:\/\/hgl.mspz3.gob.ec\/index.php\/wp-json\/wp\/v2\/users\/1"}],"replies":[{"embeddable":true,"href":"https:\/\/hgl.mspz3.gob.ec\/index.php\/wp-json\/wp\/v2\/comments?post=209114"}],"version-history":[{"count":3,"href":"https:\/\/hgl.mspz3.gob.ec\/index.php\/wp-json\/wp\/v2\/pages\/209114\/revisions"}],"predecessor-version":[{"id":209123,"href":"https:\/\/hgl.mspz3.gob.ec\/index.php\/wp-json\/wp\/v2\/pages\/209114\/revisions\/209123"}],"wp:attachment":[{"href":"https:\/\/hgl.mspz3.gob.ec\/index.php\/wp-json\/wp\/v2\/media?parent=209114"}],"curies":[{"name":"wp","href":"https:\/\/api.w.org\/{rel}","templated":true}]}}